(-4)*(-12)/w?
5
Let b(r) = -r**2 - 4*r + 9. Let d be b(-5). What is the remainder when d/6*51/34 is divided by 1?
0
Let w = -253 - -110. Let p = w + 296. Suppose 4*k - 4*a = p + 39, 6 = 3*a. Calculate the remainder when k is divided by 17.
16
Suppose 2*v - 42 + 2 = 0. Suppose 0 = b + 3*b - 152. What is the remainder when b is divided by v?
18
Let z = -3 - -3. Suppose z = q - 0*q - 12. Calculate the remainder when 21 is divided by q.
9
Let r = 3 - 1. Suppose -r*x + 13 + 3 = 0. What is the remainder when 15 is divided by x?
7
Let p(v) = v**3 + 6*v**2 + v - 1. What is the remainder when (-12)/42 + 254/7 is divided by p(-5)?
17
Let s(h) = 2*h - 3. Let j(l) = -l + 1. Let x(p) = 3*j(p) + s(p). Let d = 5 - -6. Calculate the remainder when d is divided by x(-4).
3
Let g(d) = d**2 - 3*d - 3. Let u(v) = 4*v + 3. Let o(t) = 2*g(t) + 3*u(t). Calculate the remainder when 20 is divided by o(-4).
9
Suppose -3*p + 6 + 0 = 0. Suppose 3*h = -p*h + 50. Suppose 3*w - 10 = -y, 5*y - 4 = -3*w + h. Calculate the remainder when 4 is divided by w.
1
Let c(x) be the first derivative of x**3/3 - x**2/2 + x - 4. Calculate the remainder when c(-2) is divided by 3.
1
Suppose a + 4*a - 600 = 0. Suppose -3*k = -21 - a. Calculate the remainder when k is divided by 24.
23
Let m(k) = -4*k - 3. Let g be -2*(1 - (-3)/2). What is the remainder when 50 is divided by m(g)?
16
Suppose k - 5 - 5 = 0. Calculate the remainder when k is divided by 3.
1
Suppose 2*f = -2*l + 320, 2*f = -l - 4*l + 788. What is the remainder when l is divided by 23?
18
Suppose 3*x + 2*x = 0. Suppose x = c - 20 + 4. Calculate the remainder when c is divided by 9.
7
Suppose n = 12*n - 88. What is the remainder when n is divided by 4?
0
Suppose -3*f + 50 = -4*f - u, -10 = -2*u. Let j = f + 77. Suppose 0 = 3*x - 4*x + 12. Calculate the remainder when j is divided by x.
10
Let f(z) be the third derivative of z**6/120 + z**5/15 - z**4/4 - 2*z**3/3 - 2*z**2. Calculate the remainder when 1 is divided by f(-5).
0
Let n(t) = 3*t**2 - 4*t + 11. Calculate the remainder when n(4) is divided by 22.
21
Suppose -30 = d - 4*d. Let c = d - 6. Calculate the remainder when 7 is divided by c.
3
Let l(f) = 5*f - 1. Let j be l(1). Suppose -s - 5*x + 23 + 1 = 0, -j*x + 39 = 3*s. Calculate the remainder when 33 is divided by s.
6
Let y = -3 - -22. Suppose -y = -4*f + 37. Calculate the remainder when 12 is divided by (-1)/(1*(-2)/f).
5
Suppose z - 5*i - 49 = 0, 19 = 4*z + 4*i - 81. Let d = -26 - -44. Let b = z - d. Calculate the remainder when 20 is divided by b.
9
Suppose 54 = -3*g + 9*g. What is the remainder when g is divided by 3?
0
Let h = 10 + -7. Suppose 0 = -4*a - h + 59. What is the remainder when 53 is divided by a?
11
Let c = 2 + -2. Suppose -q - 2*q + 282 = c. Calculate the remainder when q is divided by 24.
22
Let s(v) = v + 3. Let n be s(-5). Calculate the remainder when -6*((-1 - 1) + n) is divided by 13.
11
Suppose 4*f = 2*a + 16, a - 2*a + f - 5 = 0. Let y = a + 10. What is the remainder when 15 is divided by y?
7
Let j = 3 + 1. Let n(b) = -3*b**3 - 2*b**2 + 1. What is the remainder when j is divided by n(-1)?
0
Let l = 34 + -10. Calculate the remainder when l is divided by 7.
3
Calculate the remainder when 48/5 + 44/110 is divided by 3.
1
Suppose 10*j + 5*m + 102 = 12*j, 20 = -5*m. Calculate the remainder when j is divided by 23.
18
Suppose 0 = 2*h - 8*r + 4*r, 0 = -2*h - r + 5. Let q(c) = -c**3 - 3*c**2 + 1. Let v be q(-3). Let z = h + v. What is the remainder when 8 is divided by z?
2
Suppose y - 5 = -1. Let a = 45 - y. Let m = -9 + 23. What is the remainder when a is divided by m?
13
Let j = -294 - -609. Calculate the remainder when 62 is divided by 2/8 + j/20.
14
Let x = 33 + -9. Calculate the remainder when x is divided by 9.
6
Let p = 8 - -8. Let f = -29 - -76. Calculate the remainder when f is divided by p.
15
Let a(z) = -z**3 - 5*z**2 + 7*z + 6. Let k be a(-6). Suppose k*n + 5*n = 75. What is the remainder when 43 is divided by n?
13
Let s = -2 - -8. Let c = s - -4. Suppose -c = -0*i - i. What is the remainder when 28 is divided by i?
8
Let m(q) = -9*q**3 + q**2 - 1. Let g be m(-1). Let u be (-16)/((-6)/(-9)*-3). Let t = g + u. What is the remainder when t is divided by 9?
8
Let h(j) = -2*j**3 - 2*j**2 + 1. Let z be -2 - (-3 + 0 + 2). Let x be h(z). Suppose 5*y = 59 + x. What is the remainder when 35 is divided by y?
11
Suppose -3*t - 42 = -5*t - 4*u, 3*u = -3. What is the remainder when t is divided by 6?
5
Suppose -3*s + 2*i - 8 = s, 10 = -4*s + i. Let b = 24 + -15. Calculate the remainder when 5 is divided by (-2)/((-33)/b - s).
2
Suppose -3*b + 10 = 1. Suppose -5*y + 3*y + 3*d = 4, 3*y + b*d - 24 = 0. Suppose 13 - 37 = -y*p. What is the remainder when p is divided by 4?
2
Suppose 0 = i + 3*d - 18, 0 = -4*i - 3*d - 0 + 36. Let o(l) = l**2 + 3*l + 3. Calculate the remainder when o(i) is divided by 20.
17
Let b = 18 + -12. Suppose k - 4*c + 205 = b*k, -5*k = -3*c - 205. What is the remainder when k is divided by 11?
8
Suppose 0 = 2*q + 5*q - 245. What is the remainder when 139 is divided by q?
34
Suppose h = -h + 26. Suppose 8 = -4*f + 36. What is the remainder when h is divided by f?
6
Suppose -2*v + 101 = -a, -94 + 21 = -v + 5*a. Suppose -n + 0*n - 32 = -2*g, -5*g + 79 = -3*n. Calculate the remainder when v is divided by g.
14
Let i(l) = 2*l**2 + l - 10. Let b be i(5). Suppose -2*n = 3*m - b, m = -5*n + 157 - 38. Calculate the remainder when n is divided by 13.
11
Suppose -47 - 5 = -4*w. Let n(r) = -8*r - r**3 + 8*r**2 + 3*r**2 - 2*r**2 - 4. Calculate the remainder when n(7) is divided by w.
12
Let i(f) = 6*f + 2. Let s(d) = -d. Let o(n) = -i(n) - s(n). Let y(h) = h**3 - 5*h**2 - h. Let b be y(5). Calculate the remainder when o(b) is divided by 12.
11
Let u = -18 + 30. Suppose 4*k - 176 = -2*s + 8, 90 = 2*k + 2*s. Calculate the remainder when k is divided by u.
11
Let a = 39 + -21. Calculate the remainder when 51 is divided by a.
15
Let q = 3 - -49. Let k = -32 + q. Let j = 48 - k. Calculate the remainder when j is divided by 15.
13
Let m(p) = 3*p**2 - 2*p + 2. Let t be m(2). Suppose -l - l = -t. Calculate the remainder when 13 is divided by l.
3
Let f(z) = z**3 - 6*z**2 - 2*z + 4. Let x be f(6). Let j be (3/(-6))/(1/x). Suppose t + j = 14. What is the remainder when 29 is divided by t?
9
Let g = -83 + 129. Calculate the remainder when g is divided by (-57)/2*28/(-42) - 3.
14
What is the remainder when 39 is divided by 1*28/(3 - 1)?
11
Calculate the remainder when 208 is divided by 20 - (-30)/24*-4.
13
Let p(m) = -5*m + 2. Let a(v) = 5*v - 2. Let x(w) = -2*a(w) - 3*p(w). Calculate the remainder when x(7) is divided by 18.
15
Suppose -9*p = 27 - 81. What is the remainder when 10 is divided by p?
4
Let w = -6 + 6. Suppose 4 = -w*v - v. What is the remainder when v/18 + 146/9 is divided by 9?
7
Calculate the remainder when (-16)/24*207/(-6) is divided by 8.
7
Let z be 1/(-4) + (-724)/(-16). Suppose -2*j - 3*j = -z. What is the remainder when j is divided by 5?
4
Suppose -5*z + 7 = -13. What is the remainder when (-1)/((-2)/z) - 1 is divided by 1?
0
Let f(c) = -13*c - 1. Suppose 2*z - 5 = 65. What is the remainder when z is divided by f(-1)?
11
Suppose 0 = -2*o, 0 = 4*r - 3*o + 4*o - 208. Calculate the remainder when 206 is divided by r.
50
Suppose 4*u - 10 = 2. Suppose u*a - 32 = 19. Suppose -g + 50 = 3*g - 2*b, 2*b = -g. What is the remainder when a is divided by g?
7
Let s be 3 - 1 - (1 - 1). Calculate the remainder when 6*(-1)/(s/(-23)) is divided by 18.
15
Suppose -2*h = 3*h + 10. Let a = h + 13. Calculate the remainder when a is divided by 6.
5
Let q(l) = -2 + l - l + 4*l + 5. What is the remainder when 44 is divided by q(5)?
21
Let q = 174 + -166. Calculate the remainder when 39 is divided by q.
7
Suppose 26 = h - 7. Calculate the remainder when 98 is divided by h.
32
Let x(d) = d**3 + 13*d**2 + 9*d - 6. Let k(u) = -u - 22. Let r be k(-10). Calculate the remainder when x(r) is divided by 11.
8
Let j be (-147)/(-9) - (-2)/3. Let x = -6 + j. Suppose 2*v - 6*v = -124. What is the remainder when v is divided by x?
9
Let v(a) = -a + 3. Let s = 1170 + -1166. Calculate the remainder when s is divided by v(0).
1
Suppose -i = -6*i + 110. What is the remainder when i is divided by -12*(-1 + 1/2)?
4
Let n = 